 = -4*r, -2*i - 3*r = -10. Suppose 112 = 4*c - 4*a, -4*c + a = 5*a - 88. What is the remainder when -4 + 5/(c/90) is divided by i?
3
Let c = -8017 - -8024. Let z = 137 + -82. Calculate the remainder when z is divided by c.
6
Let h be -15*((-32)/6)/4. Let v = -651 - -663. What is the remainder when (-8)/h + 234/10 is divided by v?
11
Suppose y + 3*y + 0*y = 0. Suppose 5*b - x - 726 = y, -2*b + 4*x + 167 = -109. Suppose -5*p = -b - 414. Calculate the remainder when p is divided by 23.
20
Let a(v) = -v**3 - 9*v**2 - 12*v - 7. Let g = -12 + 17. Suppose g*j = -26 - 14. Calculate the remainder when a(j) is divided by 7.
4
Suppose 0 = 4*r + 5*z - 730, -3*r = -16*z + 15*z - 576. Calculate the remainder when r is divided by 33.
25
What is the remainder when ((-29)/116)/(((-161)/4116)/23) is divided by 141?
6
Let d(a) = -a**3 - 15*a**2 + 15*a + 36. Let h be 12/30*-6*(-30)/(-4). Let o be (-1168)/72 + -1 + (-22)/h. What is the remainder when 258 is divided by d(o)?
50
Let w = 464 + -448. Let i(p) = 3*p**2 - 10*p - 3. Let u be i(-7). Suppose -5*b + u = -w. What is the remainder when b is divided by 24?
22
Let c(q) = 12*q**3 + 57*q**2 - 17*q + 2. Suppose 3*g - 403 = 2*y - 0*y, 568 = 4*g + 5*y. Let k = g + -83. What is the remainder when k is divided by c(-5)?
6
Suppose -3109*u - 29478 = -3115*u. Calculate the remainder when u is divided by 18.
17
Calculate the remainder when 643 is divided by ((-2)/(-6)*-2)/(2/(-513)).
130
Let r(x) = 2*x**2 - 42*x + 519. Calculate the remainder when r(15) is divided by 50.
39
Suppose i - 6*i + 75 = 0. Suppose 57*p - 2769 = 18*p. Calculate the remainder when p is divided by i.
11
Let f = 293 + -281. Let j = 62 + -54. Calculate the remainder when f is divided by j.
4
Let y(t) = 25*t**2 - t - 1. Let n be y(-2). Let h = n + -99. Suppose 5*o - h*o - 6 = 0, -5*b + 401 = 3*o. Calculate the remainder when b is divided by 17.
11
Suppose 1350 = 3*w + 2*w. Suppose -3*t - 6*t + w = 0. What is the remainder when 85 is divided by t?
25
Let y = -6314 - -9210. What is the remainder when y is divided by 17?
6
Let a(q) = -2*q**2 - 2*q + 9. Let j be a(0). Suppose 0 = -5*x - i + 265, 2*i + 103 = 2*x + j. Calculate the remainder when x is divided by 16.
4
Let i(x) = 30*x + 175. Calculate the remainder when 1357 is divided by i(-3).
82
Let s(w) = w**2 - w - 20. Let h(o) = -o + 19. Let l be h(24). Calculate the remainder when 51 is divided by s(l).
1
Let m(b) be the first derivative of -27*b**2 + 14*b - 4. Let r be m(2). Let x = r - -200. Calculate the remainder when x is divided by 27.
25
Suppose -5*o - 3 = 4*y, 3 - 6 = y + 2*o. Suppose -y*k - 21*k = -144. Calculate the remainder when k is divided by 6.
0
Suppose 10 = z - 39. Suppose -10*t - z = 11. Calculate the remainder when (304/(-24))/(2/t) is divided by 20.
18
Let q = -101 - -105. Suppose q*m - 1603 = -a, -m - a - 809 = -3*m. What is the remainder when m is divided by 15?
12
Calculate the remainder when 552/(-2484) + -2 + 11589/27 is divided by 217.
210
Suppose 9350 = 24*c - 7*c. Suppose 7*z - c = 129. Calculate the remainder when 1161 is divided by z.
94
Suppose 0 = -592*p - 4352 + 12048. Let q(i) be the second derivative of i**4/4 - i**3/6 + i**2/2 + 2*i. Calculate the remainder when p is divided by q(2).
2
Let y be (48 - 52)*11/4. Calculate the remainder when (-8)/(-14) - y/(154/510) is divided by 17.
3
Let t(o) = -o**2 + 2*o + 72. Let s(y) = y**2 - 7*y - 324. Let j be s(-15). What is the remainder when t(j) is divided by 27?
21
Let p = -211 - -211. Suppose p = m - 4*m - 4*n + 29, 4*m - 48 = 4*n. What is the remainder when 28 is divided by m?
6
What is the remainder when 5630/(-4)*(-4608)/1920 is divided by 23?
20
Let t(d) = d**2 - 3*d. Let j be t(-2). Suppose 4*u + j = 5*c - 95, u = 0. Calculate the remainder when 74 is divided by c.
11
Let d(w) = -w**3 + 19*w**2 - 20*w + 112. Let o be d(14). Let f = 845 - o. Calculate the remainder when 68 is divided by f.
2
Let q(z) be the second derivative of z**5/20 - z**4/2 + 5*z**3/6 + 3*z**2 - 5*z. Calculate the remainder when 648/42 + (-12)/28 is divided by q(5).
3
Let j(p) = -p**2 - 115*p + 103. Calculate the remainder when j(0) is divided by 38.
27
Suppose -3*p - 2*k + 9 = -5*k, -5*k + 13 = 2*p. Suppose -3*o + p*z = 2*z - 120, -4*z = 0. Calculate the remainder when o is divided by 2.
0
Suppose 27*h = 29*h - 4. Suppose 10 = h*y + n, 5*y + 0 = -5*n + 25. Calculate the remainder when 18 is divided by y.
3
Let p(y) = -8*y + 40. Let t be p(4). Suppose 0 = 2*m + 5*v - 374, -4*m - t*v = -3*v - 728. What is the remainder when m is divided by 15?
12
Let s(a) = -a**3 - 68*a**2 - 193*a + 261. What is the remainder when 651 is divided by s(-65)?
127
Let k = 136 + -135. Suppose -2*d + k = -3*d + 2*w, w + 17 = 4*d. Suppose o - d*a - 54 = -2*a, a + 2 = 0. What is the remainder when o is divided by 25?
23
Suppose k - 5*k - 24 = 4*h, 5*h - k = -24. Let t(q) = 6 - 21 - 5*q - 3*q**2 - 4*q**2 - 2*q**3 + 3*q. Calculate the remainder when t(h) is divided by 24.
22
Let l(u) be the first derivative of -u**3/3 - 3*u**2/2 + 13*u + 117. Calculate the remainder when 89 is divided by l(0).
11
Suppose 2*q - v - 674 = 0, -7*q = -8*q - 4*v + 364. Calculate the remainder when 344 is divided by q.
4
Suppose 30*d + 26*d = 36*d + 1300. Calculate the remainder when 2279 is divided by d.
4
Suppose -5*n - 34 = -14*i + 13*i, -2*i - n + 68 = 0. Suppose -5*s + 150 = -0*s. Calculate the remainder when i*((-90)/20 - -8) is divided by s.
29
Suppose 451*n = -2*d + 446*n + 323, 0 = -n - 1. Calculate the remainder when 908 is divided by d.
88
Suppose 43*c - 576 = 1913 - 167. Calculate the remainder when ((-89)/(-4))/((-3)/(-36)) is divided by c.
51
Let w = -57 + 225. Calculate the remainder when w is divided by (-3)/3 - -1*45.
36
Let p be 4/6 - 1645/(-21). Suppose 0*a + p = -a - 4*i, 4*a - 3*i = -297. What is the remainder when 38 is divided by 1060/75 - (-10)/a?
10
Suppose 5*y + 5*g = 2 - 7, 0 = -3*y - 2*g + 2. Suppose -y*m + 5*t = -493, -6*m + 2*t = -5*m - 121. What is the remainder when m is divided by 26?
23
Let l be (-9)/(-21)*1 + 266/(-49). Let f(u) = 2*u**2 - 2*u - 16. Calculate the remainder when 306 is divided by f(l).
42
Suppose 2*t + 10*x - 7*x - 7 = 0, 5*t = -x + 50. What is the remainder when 8271 is divided by t?
10
Suppose 9*q = -5*t + 419, 0 = -24*q + 25*q + 3*t - 49. Let g = 47 - 14. Calculate the remainder when q is divided by g.
13
What is the remainder when 38 is divided by (-1710)/(-108) + (-4 - (-150)/36)?
6
Let w = -323 + 460. Calculate the remainder when w is divided by 24 - (-34)/136*-40.
11
Let i be 165/66*(1 - -1). Suppose i*a = 5*p - 40, 17 = -2*p - 3*a + 58. Calculate the remainder when 64 is divided by p.
12
Let i(w) = -2145*w + 956. Calculate the remainder when i(-5) is divided by 19.
15
Suppose 924 = -0*r + 3*r. Suppose 462*m - 450*m = 936. Calculate the remainder when r is divided by m.
74
Let r = -230 + 301. Let j = -25 + r. Calculate the remainder when j is divided by 8.
6
Suppose -26652 - 23032 = -14*b - 19318. What is the remainder when b is divided by 20?
9
Suppose -10*z = -18*z + 4312. Let s = z + -502. Calculate the remainder when 46 is divided by s.
9
Suppose -3*t - 3*g - 241 = -19, 0 = 2*t - 5*g + 120. Let j = -42 - t. Calculate the remainder when j is divided by ((-846)/24)/(-3) - (-14)/(-8).
8
Suppose -67 = -5*s + 4*a, 37*a - 40*a = 4*s - 35. Calculate the remainder when 2679 is divided by s.
6
Calculate the remainder when 4353 is divided by 620/44 + 2 + 34/(-11).
11
Let y(v) = v**2 + 14*v - 49. Let d be y(13). Let g = d + -278. What is the remainder when g is divided by 7?
3
Suppose -139 = -2*c + 39. Calculate the remainder when c is divided by 1/((-1552)/(-582) - (-682)/(-258)).
3
Let h be ((-82)/3)/((-2)/15). Suppose v + 4*v - h = 0. Calculate the remainder when v is divided by 310/(-9765) + 1390/126.
8
Suppose 4*m - 864 = -5*m. Suppose 5*r + m = -3*t + 545, 295 = 2*t - r. Calculate the remainder when t is divided by 25.
23
Let p(m) = m**2 - 3*m + 4. Suppose 344 = 4*j + 4*f, j = 5*f - 60 + 128. What is the remainder when ((-2)/10 + 90/75)*j is divided by p(5)?
13
Suppose -4*u - 5*p + 83 = 0, -p - 46 = -2*u - 5*p. What is the remainder when u is divided by 2838/344*(-8)/(-6)?
6
Suppose -32 = -z - 5*q + 2*q, -120 = -5*z - 5*q. Suppose -3*x 